 7*t + 4. What is y(-4)?
0
Let l(n) = 3*n**2 + n + 2. Determine l(-2).
12
Let n(f) = f**3 + 17*f**2 - 12*f + 14. Determine n(-18).
-94
Let d(f) = -4*f**3 + 4*f**2 - 4*f + 11. Determine d(2).
-13
Let o(g) = -g**2 - 15*g + 5. Calculate o(-12).
41
Let z(m) = 59*m**2 + m - 2. What is z(1)?
58
Let j(c) = -c**3 + 3*c**2 + 6*c - 14. Give j(4).
-6
Let z(g) = -g**3 - 9*g**2 - 18*g + 2. Determine z(-6).
2
Let z(l) = l + 24. Determine z(-18).
6
Let g(m) = m**2 + 9*m + 18. Determine g(-8).
10
Let w(q) = q**3 - 5*q**2 + 3*q - 2. What is w(6)?
52
Let j(l) = 3*l**2 + 69*l + 13. Determine j(-23).
13
Let a(n) = -n**3 + 26*n**2 + 27*n + 33. Calculate a(27).
33
Let k(h) = 22*h**3 + 2*h**2 - h. What is k(1)?
23
Let x(o) = -10*o + 8. Calculate x(2).
-12
Let t(r) = -r**2 - 6*r - 3. Give t(-3).
6
Let x(r) = r**2 + 2*r - 4. Calculate x(3).
11
Let y(m) = -m**3 - 5*m**2 + 2. Calculate y(-4).
-14
Let f(t) = 5*t - 58. Give f(17).
27
Let u(k) = -k**2 - 18*k - 6. Give u(-12).
66
Let u(z) = -35*z - 419. What is u(-12)?
1
Let y(c) = c**2 + 10*c + 24. Give y(-4).
0
Let q(a) = -a**2 + 5*a - 1. Calculate q(8).
-25
Let j(v) = v + 5. Give j(-6).
-1
Let n(y) = -2*y - 3. What is n(4)?
-11
Let j(t) = 2*t**2 + 2*t + 1. Determine j(-3).
13
Let n(p) = p**2 + 15*p + 16. Calculate n(-15).
16
Let x(f) = -f + 2. What is x(-5)?
7
Let w(h) = h**2 + 18*h - 21. Determine w(-19).
-2
Let x(d) = d**2 - 11*d + 8. Give x(12).
20
Let a(o) = -2*o**2 - 23*o + 31. Determine a(-13).
-8
Let s(a) = 9*a - 5. What is s(5)?
40
Let n(i) = -i**3 - i**2 + 51. Determine n(0).
51
Let v(h) = -h**3 + 26*h**2 + 25*h + 46. Give v(27).
-8
Let v(q) = -85*q - 96. What is v(-1)?
-11
Let k(n) = -n - 25. What is k(-18)?
-7
Let k(n) = -n**3 + 8*n**2 - 14*n. What is k(3)?
3
Let r(q) = -6*q - 45. What is r(-8)?
3
Let q(a) = 4*a - 7. Give q(3).
5
Let i(s) = -s**2 + s + 16. What is i(0)?
16
Let w(z) = -10*z. Give w(1).
-10
Let q(k) = k**3 + 3*k**2 - 2*k + 1. Give q(-3).
7
Let l(n) = n + 3. What is l(-12)?
-9
Let u(r) = -2*r**2 - 25*r - 9. Calculate u(-12).
3
Let h(r) = 2*r**3 + 16*r**2 - 6*r - 3. Calculate h(-8).
45
Let k(m) = -13*m + 1. Calculate k(-3).
40
Let u(t) = -24*t + 93. Calculate u(5).
-27
Let k(u) = -u**3 - 13*u**2 - 11*u + 9. Calculate k(-12).
-3
Let f(h) = h**2 - 16*h + 13. Calculate f(15).
-2
Let v(s) = s**2 - s + 1. What is v(2)?
3
Let w(l) = -14*l - 86. Give w(0).
-86
Let n(a) = -6*a - 47. Calculate n(-12).
25
Let w(y) = 2*y**3 - 17*y**2 + 8*y - 7. Give w(8).
-7
Let a(g) = -g**2 - 9*g + 3. Determine a(-8).
11
Let j(k) = -76*k - 154. Calculate j(-2).
-2
Let h(n) = n**2 + 10*n + 6. Calculate h(-12).
30
Let f(x) = 9*x**2 - 42*x - 6. What is f(5)?
9
Let c(k) = -2*k**2 - 2*k. Determine c(3).
-24
Let l(x) = -139*x**2 - 6*x + 6. Calculate l(1).
-139
Let u(x) = 2*x**2 + 27*x + 1. Give u(-13).
-12
Let t(b) = b**2 - 14*b + 24. Determine t(9).
-21
Let h(v) = -3*v**2 + 2*v. Determine h(1).
-1
Let x(d) = -d**3 - 6*d**2 - 13*d - 14. Give x(-6).
64
Let h(w) = 9*w**3 - 2*w**2 - 3*w - 1. What is h(-1)?
-9
Let t(z) = -5*z + 21. Give t(-10).
71
Let s(m) = m**3 - 5*m**2. Give s(6).
36
Let w(i) = 28*i - 89. Determine w(3).
-5
Let q(y) = 3*y - 12. Calculate q(7).
9
Let d(q) = q**3 + 13*q**2 - 11*q + 36. Give d(-14).
-6
Let b(s) = s**2 - 10*s + 8. What is b(8)?
-8
Let t(u) = -u**3 - 9*u**2 + 12*u + 18. Give t(-10).
-2
Let x(g) = g**3 - 12*g**2 + 38*g - 12. Determine x(7).
9
Let i(p) = -5*p**2 + 3*p + 2. Determine i(1).
0
Let w(z) = 3*z - 4. Give w(2).
2
Let b(s) = s**3 - 6*s**2 - 7*s + 8. What is b(6)?
-34
Let o(w) = 2*w**3 + 37*w**2 - 15*w + 71. Calculate o(-19).
-5
Let g(r) = -r**2 - 2*r + 29. Give g(-9).
-34
Let v(z) = 2*z**2 + 7*z - 3. Give v(2).
19
Let f(g) = -g**2 + 6*g - 32. Give f(4).
-24
Let o(f) = -f**2 - 28*f + 98. Give o(-31).
5
Let c(b) = 2*b + 3. Determine c(11).
25
Let m(p) = p - 51. Determine m(11).
-40
Let j(q) = -3*q - 3. What is j(-2)?
3
Let o(s) = -s**2 - 9*s - 5. Calculate o(-8).
3
Let t(v) = -v**2 + 15*v. Give t(12).
36
Let r(s) = -s**3 + 2*s**2 + 5*s. Determine r(3).
6
Let r(x) = -7*x**2 - 2*x - 5. What is r(3)?
-74
Let b(p) = p + 12. What is b(-16)?
-4
Let d(h) = -h**3 + 6*h**2 + 7*h + 13. Determine d(7).
13
Let z(u) = -5*u**2 + 25*u. Calculate z(7).
-70
Let m(x) = -x + 10. What is m(13)?
-3
Let s(t) = 4*t**2 + 13*t - 8. Give s(-7).
97
Let n(d) = d + 1. Determine n(-8).
-7
Let v(a) = -5*a**2 - 11*a + 42. Determine v(3).
-36
Let g(x) = x - 4. Calculate g(5).
1
Let n(f) = -f**3 + 9*f**2 - f + 10. Determine n(9).
1
Let r(p) = -p**3 - 4*p**2 + 6*p + 8. Calculate r(-5).
3
Let a(l) = 2*l**3 - 3*l - 3. What is a(-2)?
-13
Let n(z) = -7*z**2 + 4*z - 5. Give n(1).
-8
Let h(z) = 10*z - 23. Determine h(4).
17
Let w(v) = 3*v**3 - v**2 + 3*v - 2. What is w(2)?
24
Let d(c) = -11*c**2 - 2*c - 3. Give d(-1).
-12
Let k(j) = j**3 - 3*j**2 - 7*j + 4. Determine k(5).
19
Let v(j) = 2*j**2 + 19*j + 26. Calculate v(-4).
-18
Let h(m) = m**2 - 10*m + 20. Determine h(7).
-1
Let g(q) = q**3 + 8*q**2 + 6*q - 15. What is g(-8)?
-63
Let l(a) = 12*a - 20. What is l(3)?
16
Let u(b) = b + 1. Give u(-1).
0
Let g(w) = -2*w**2 + 120*w - 234. Give g(2).
-2
Let h(a) = 2*a**2 + 2*a - 1. Determine h(-2).
3
Let n(y) = -y**3 + 10*y**2 + 5*y - 14. Determine n(9).
112
Let x(d) = -2*d**3 - 10*d**2 + 2*d - 6. Give x(-5).
-16
Let k(n) = 7*n**2 + 6*n + 8. Determine k(-1).
9
Let t(a) = -9*a**2 - 2*a + 1. Calculate t(1).
-10
Let j(d) = 7*d**2 - d + 3. Calculate j(-2).
33
Let g(n) = 2*n**2 + 26*n + 105. Give g(-6).
21
Let w(z) = -z**3 + 15*z**2 + 11*z + 8. Calculate w(16).
-72
Let g(l) = 87*l**3 - 2*l. What is g(1)?
85
Let b(o) = o**2 - 7*o - 4. Calculate b(8).
4
Let g(m) = 2*m - 12. Give g(7).
2
Let n(p) = -p**3 - 3*p**2 - 2*p - 3. Give n(-2).
-3
Let k(v) = -v**2 + 5*v - 17. Calculate k(-7).
-101
Let j(i) = -5*i + 27. Determine j(8).
-13
Let z(j) = -11*j**2 + 8*j + 8. Determine z(4).
-136
Let m(a) = a**3 - 6*a**2 - a - 1. Determine m(6).
-7
Let z(x) = 4*x. Determine z(1).
4
Let k(j) = 3*j**2 - 67*j + 30. Determine k(22).
8
Let i(p) = -p**3 + 4*p**2 + 6*p - 4. Calculate i(4).
20
Let u(f) = 2*f - 2. Calculate u(-3).
-8
Let n(q) = -q**2 + 16. Determine n(6).
-20
Let p(t) = -2*t**3 - 14*t**2 - 3*t - 13. What is p(-7)?
8
Let q(d) = -2*d**2 + 25*d - 17. Give q(12).
-5
Let o(l) = -81*l - 157. Calculate o(-2).
5
Let m(q) = 13*q + 65. What is m(-6)?
-13
Let j(w) = 2*w**2 - 3*w + 2. Give j(2).
4
Let q(v) = -v**3 - 11*v**2 - 9*v + 1. Calculate q(-10).
-9
Let j(x) = x**2 - 10*x + 26. What is j(6)?
2
Let v(k) = k**3 + 8*k**2 + 17*k + 21. Calculate v(-6).
-9
Let m(r) = -3*r. What is m(11)?
-33
Let m(c) = -c**3 - 47*c**2 - 88*c + 74. Calculate m(-45).
-16
Let p(k) = k**2 - 19*k + 42. Give p(17).
8
Let r(f) = -f**2 - 6*f - 7. What is r(-8)?
-23
Let h(u) = -u**3 + 61*u**2 - 115*u - 183. What is h(59)?
-6
Let l(r) = -r**2 + 16*r - 52. What is l(10)?
8
Let q(f) = f**3 + 7*f**2 - 2*f + 40. Calculate q(-8).
-8
Let u(j) = -2*j**2 + 6*j + 132. Determine u(10).
-8
Let k(x) = 2*x**2 + 31*x + 17. Determine k(-14).
-25
Let w(g) = g**3 + 9. What is w(0)?
9
Let a(c) = -3*c - 8. Determine a(-5).
7
Let u(l) = -4*l**2 + 3*l. Calculate u(2).
-10
Let v(x) = -x**3 + 3*x**2 + 4*x - 6. Determine v(4).
-6
Let f(i) = i**2 + 5*i + 2. What is f(4)?
38
Let x(z) = -z**2 + 2*z - 1. Determine x(2).
-1
Let f(v) = 5*v + 6. Give f(0).
6
Let v(s) = -2*s + 3. Calculate v(0).
3
Let b(z) = -z**3 + 7*z**2 - 7*z - 2. Determine b(6).
-8
Let i(m) = -6*m**2 - 3. What is i(-3)?
-57
Let r(z) = z**2 - 13*z + 43. Determine r(5).
3
Let y(b) = 10*b - 71. Calculate y(13).
59
Let b(l) = l**2 - 10*l + 9. Determine b(9).
0
Let f(j) = 5*j**2 + 5*j + 1. Calculate f(-4).
61
Let b(r) = r**3 + 17*r**2 + 31*r + 11. What is b(-15)?
-4
Let g(j) = -4*j**3 + 8*j**2 - 7*j + 3. Calculate g(1).
0
Let o(i) = 2*i + 9. Calculate o(0).
9
Let j(k) = -6*k - 10. Give j(-7).
32
Let d(v) = -9*v**2 + 4*v - 1. Calculate d(-2).
-45
Let c(x) = -8*x**3 - 3*x - 2. Give c(-2).
68
Let r(o) = o**2 - 39*o + 358. Determine r(25).
8
Let l(w) = -w - 6. What is l(-5)?
-1
Let a(q) = q + 12. What is a(-6)?
6
Let f(p) = 8*p - 32. Give f(12).
64
Let f(l) = l**3 + 22*l**2 + 57*l + 2. Give f(-19).
2
Let s(l) = 4*l**3 - 21*l**2 + 3*l + 16. Determine s(5).
6
Let a(i) = i**3 - 34*i**2 + 59*i + 157. Calculate a(32).
-3
Let f(q) = q**2 - 1. What is f(-4)?
15
Let g(i) 